130?
3021130114
In base 8, what is 662 + -126321?
-125437
In base 10, what is -5250 + 225719?
220469
In base 3, what is 10021 + -1210111121?
-1210101100
In base 5, what is -2333223201313 + 10?
-2333223201303
In base 4, what is -1020030 + -11132332?
-12213022
In base 10, what is -133 - 9732?
-9865
In base 16, what is 5fb5 + -17b?
5e3a
In base 14, what is 2 - -59b2dd7?
59b2dd9
In base 13, what is 0 + -2420c2ca?
-2420c2ca
In base 3, what is 20 - 100210022021?
-100210022001
In base 6, what is 150 + 10403525?
10404115
In base 7, what is 1420 - -10103?
11523
In base 6, what is 10200 - -25312?
35512
In base 14, what is -74c8 - -120?
-73a8
In base 7, what is -125540644 + -13?
-125540660
In base 12, what is -a3b77 - 64?
-a401b
In base 14, what is 1a5 + -2a8b?
-28c6
In base 12, what is 28 - 8a128?
-8a100
In base 16, what is 0 + 2dcf07?
2dcf07
In base 4, what is 311 + -131222330233?
-131222323322
In base 5, what is -140 + -11042223034?
-11042223224
In base 9, what is 73256704 + 5?
73256710
In base 12, what is 3 - -2bb9012?
2bb9015
In base 15, what is 44b - 12b453?
-12b007
In base 4, what is 22320231 + 13220?
23000111
In base 11, what is 41 - -2aa87?
30018
In base 15, what is -6 + 20a19b6?
20a19b0
In base 6, what is -22544315 - 13?
-22544332
In base 5, what is 243230 + 1141?
244421
In base 4, what is 1012 - 213010113123?
-213010112111
In base 3, what is -112 + -21122121012012?
-21122121012201
In base 12, what is 37273 + 2b0?
37563
In base 16, what is -3283bf + 10?
-3283af
In base 8, what is -10 + 103114411?
103114401
In base 10, what is -155263 - 5?
-155268
In base 5, what is 41 - 22044120?
-22044024
In base 8, what is -616 + -362462?
-363300
In base 2, what is 10000010 - -100101110010011010011111?
100101110010011100100001
In base 5, what is 0 - -3323012100?
3323012100
In base 14, what is -a - b8418d8?
-b841904
In base 15, what is ab2ac2 + -b?
ab2ab6
In base 9, what is 7067 + 23584?
31662
In base 11, what is -33 + 15519a5?
1551972
In base 14, what is 9c + -b056?
-ad98
In base 11, what is 20293 + -14140?
7153
In base 9, what is 2 - 8813688?
-8813686
In base 3, what is 20010001001 + 1212220?
20011220221
In base 5, what is -1233044344 + 0?
-1233044344
In base 3, what is 1011011 - 12002010?
-10220222
In base 2, what is -10000110100100101011 - 1001101?
-10000110100101111000
In base 11, what is -929 + -2854?
-3682
In base 8, what is -21565266 - -16?
-21565250
In base 10, what is 785625 + -4?
785621
In base 10, what is -2 - 104285330?
-104285332
In base 14, what is -d67db + d6?
-d6705
In base 7, what is -5 - -31306124?
31306116
In base 10, what is 76099 + -552?
75547
In base 11, what is -1 + -23314638?
-23314639
In base 4, what is 111 - 313311320?
-313311203
In base 4, what is 3 - 12100111022301?
-12100111022232
In base 14, what is -159369 + -7b?
-159406
In base 16, what is -17cc17 - a?
-17cc21
In base 4, what is 1002 + -22122223103?
-22122222101
In base 14, what is -2358dc4 - -4?
-2358dc0
In base 15, what is -3 - -1c1dc4?
1c1dc1
In base 5, what is -10 - -101023010?
101023000
In base 3, what is -211200 + 2111212?
1200012
In base 16, what is -56abfd - -2b?
-56abd2
In base 14, what is -1ab8ac85d + 1?
-1ab8ac85c
In base 6, what is -330 - 1100355?
-1101125
In base 7, what is 6034 + 2143?
11210
In base 12, what is 9a07313 + 0?
9a07313
In base 16, what is 154cc + -3c0?
1510c
In base 9, what is -12600 + -2783?
-15483
In base 14, what is -23 + 1472?
144d
In base 11, what is 62a + -70387?
-6a858
In base 13, what is 5a + 12100?
1215a
In base 12, what is -1042b + -2ab?
-1071a
In base 2, what is -101000000111110111110101 + -10?
-101000000111110111110111
In base 16, what is -5ca + 2883?
22b9
In base 15, what is -3bcee - d4?
-3bdd3
In base 2, what is -1110010011111 + 1011100100?
-1100110111011
In base 2, what is -1000010111010101101 - -100?
-1000010111010101001
In base 3, what is 1011210 + -2220002011?
-2211220101
In base 16, what is -45e2f - -3c8?
-45a67
In base 16, what is 4 - 22dd834?
-22dd830
In base 3, what is 211010222 - 110010?
210200212
In base 5, what is -1103 - 211414202?
-211420310
In base 12, what is -3a + -3a190?
-3a20a
In base 12, what is -3 + -405480?
-405483
In base 14, what is -d614a - -12?
-d6138
In base 5, what is 1203 + 2304133?
2310341
In base 10, what is -1596076 - 55?
-1596131
In base 14, what is -1666a3 - -b0?
-1665d3
In base 7, what is 30612 - -445?
31360
In base 16, what is -a3 + -1c451?
-1c4f4
In base 15, what is 0 - -5c5ad1?
5c5ad1
In base 5, what is 0 - 24220310441?
-24220310441
In base 14, what is 2d + 41a3a?
41a69
In base 14, what is -1c4a5 + -bc?
-1c583
In base 5, what is -102400 - 2021?
-104421
In base 11, what is -5 - 21a1982?
-21a1987
In base 3, what is -10201012 + 210211010?
200002221
In base 9, what is 68477300 - -3?
68477303
In base 15, what is -1 - -6c2cd8?
6c2cd7
In base 8, what is -70 - -2332360?
2332270
In base 12, what is 2 - -b94b680?
b94b682
In base 8, what is -5 - -100250006?
100250001
In base 9, what is -37 - -5040524?
5040476
In base 3, what is 11 - 1210112202121100?
-1210112202121012
In base 11, what is 5 + -78303?
-782a9
In base 11, what is 3665 + -14675?
-11010
In base 7, what is -11423320 - 5?
-11423325
In base 14, what is -1a56c28 - -4?
-1a56c24
In base 9, what is -712 - -13256?
12444
In base 11, what is -9 - -3645aa2?
3645a94
In base 4, what is -1 + -20322210332?
-20322210333
In base 6, what is -5 - 111255553?
-111300002
In base 15, what is 5505 + -7d?
5477
In base 10, what is -7 + -3420141?
-3420148
In base 7, what is -1 + -53606006?
-53606010
In base 13, what is -176a61 + -3?
-176a64
In base 12, what is 2a98 - -aab?
3987
In base 10, what is 4115617 + -9?
4115608
In base 10, what is 6 + -71447273?
-71447267
In base 14, what is -1b9d55 + 74?
-1b9cc1
In base 16, what is cfdb83 + 37?
cfdbba
In base 8, what is -15464623 + 13?
-15464610
In base 14, what is 2091 - -5d35?
7dc6
In base 2, what is -1101 - 100100110010101111111000?
-100100110010110000000101
In base 8, what is -322 - -4051100?
4050556
In base 13, what is 2639 + -49b?
216b
In base 12, what is 22a + -636?
-408
In base 6, what is 1022 - -105521?
110543
In base 8, what is 7026 + 17237?
26265
In base 13, what is 0 + -336086?
-336086
In base 11, what is 0 - -1416892?
1416892
In base 10, what is -5 + -191186?
-191191
In base 6, what is 513225 - -4000?
521225
In base 16, what is 6db - 505f?
-4984
In base 15, what is -47 + -360c9e?
-360ce6
In base 10, what is -8969 + -35?
-9004
In base 5, what is 32 - -2030232344?
2030232431
In base 6, what is 224 + 13032115?
13032343
In base 7, what is -425504364 - 5?
-425504402
In base 8, what is -165015 + 6466?
-156327
In base 2, what is -11111000011100101011 + -10?
-11111000011100101101
In base 6, what is 120 - 2302214?
-2302054
In base 3, what is 101202020011110 + -10?
101202020011100
In base 13, what is -aab - 827?
-1605
In base 2, what is 11111001101101 - -10010010111?
100001100000100
In base 5, what is 21340044 + 4?
21340103
In base 7, what is 115 + -416360?
-416242
In base 4, what is 303010200111 + -1?
303010200110
In base 12, what is -3b2954 + 104?
-3b2850
In base 10, what is 2073026 - 0?
2073026
In base 16, what is 7c532 + -14?
7c51e
In base 13, what is -b6b80 + 81?
-b6acc
In base 12, what is 16b94 - 223?
16971
In base 2, what is -110010 + 100100011010100110000?
100100011010011111110
In base 5, what is 13340214010 + -34?
13340213421
In base 6, what is 1141 - -110433?
112014
In base 2, what is 100101100001001 + -10100?
100101011110101
In base 16, what is -2b58 + 1b81?
-fd7
In base 10, what is 1899419 + -50?
1899369
In base 10, what is 57904 - 1718?
56186
In base 5, what is 1 + -243122020?
-243122014
In base 13, what is -59cc2a - -37?
-59cbc3
In base 10, what is 5 + -686607?
-686602
In base 14, what is 1d347 - -3?
1d34a
In base 14, what is -5b6 + -10457?
-10a2d
In base 10, what is -879 - 376857?
-377736
In base 9, what is -2 + -1488412?
-1488414
In base 10, what is 1722555 + 5?
1722560
In base 15, what is -17e + d4a4?
d325
In base 16, what is -2 - -3e381b?
3e3819
In base 10, what is 22656 + -18403?
4253
In base 6, what is -1 + 5335312035?
5335312034
In base 16, what is -a7a - 301d?
-3a97
In base 6, what is -41421 - 22225?
-104050
In base 9, what is 14 + 2651037?
2651052
In base 7, what is 2123103 - 20?
2123053
In base 9, what i